he prime factors of 730?
2, 5, 73
List the prime factors of 527.
17, 31
What are the prime factors of 3326?
2, 1663
List the prime factors of 84416.
2, 1319
What are the prime factors of 27713?
7, 37, 107
List the prime factors of 13525.
5, 541
List the prime factors of 1083.
3, 19
List the prime factors of 692.
2, 173
What are the prime factors of 13135?
5, 37, 71
What are the prime factors of 1638?
2, 3, 7, 13
List the prime factors of 1078.
2, 7, 11
What are the prime factors of 35926?
2, 11, 23, 71
List the prime factors of 22454.
2, 103, 109
List the prime factors of 4792.
2, 599
What are the prime factors of 27247?
11, 2477
What are the prime factors of 7190?
2, 5, 719
What are the prime factors of 155?
5, 31
What are the prime factors of 5767?
73, 79
List the prime factors of 6665.
5, 31, 43
What are the prime factors of 23171?
17, 29, 47
List the prime factors of 1355.
5, 271
List the prime factors of 244.
2, 61
List the prime factors of 1219.
23, 53
What are the prime factors of 1055?
5, 211
What are the prime factors of 11968?
2, 11, 17
List the prime factors of 182607.
3, 60869
List the prime factors of 2371.
2371
List the prime factors of 44035.
5, 8807
List the prime factors of 1143.
3, 127
What are the prime factors of 268?
2, 67
List the prime factors of 3495.
3, 5, 233
List the prime factors of 851.
23, 37
List the prime factors of 988.
2, 13, 19
List the prime factors of 985.
5, 197
What are the prime factors of 25743?
3, 8581
List the prime factors of 144866.
2, 113, 641
List the prime factors of 2607.
3, 11, 79
What are the prime factors of 3570?
2, 3, 5, 7, 17
List the prime factors of 8804.
2, 31, 71
List the prime factors of 368.
2, 23
List the prime factors of 503.
503
List the prime factors of 23410.
2, 5, 2341
What are the prime factors of 251?
251
What are the prime factors of 22817?
22817
What are the prime factors of 6248?
2, 11, 71
List the prime factors of 75594.
2, 3, 43, 293
List the prime factors of 30651.
3, 17, 601
List the prime factors of 14214.
2, 3, 23, 103
What are the prime factors of 946?
2, 11, 43
List the prime factors of 5970.
2, 3, 5, 199
List the prime factors of 1519.
7, 31
List the prime factors of 21882.
2, 3, 7, 521
What are the prime factors of 4701?
3, 1567
List the prime factors of 29732.
2, 7433
List the prime factors of 41.
41
List the prime factors of 8491.
7, 1213
What are the prime factors of 8311?
8311
List the prime factors of 2697.
3, 29, 31
List the prime factors of 73777.
11, 19, 353
List the prime factors of 2063.
2063
List the prime factors of 54075.
3, 5, 7, 103
List the prime factors of 510.
2, 3, 5, 17
List the prime factors of 447.
3, 149
List the prime factors of 5319.
3, 197
What are the prime factors of 53731?
53731
List the prime factors of 608.
2, 19
List the prime factors of 979.
11, 89
What are the prime factors of 246?
2, 3, 41
What are the prime factors of 34575?
3, 5, 461
List the prime factors of 143.
11, 13
What are the prime factors of 69849?
3, 13, 199
What are the prime factors of 1895?
5, 379
List the prime factors of 28.
2, 7
List the prime factors of 8936.
2, 1117
What are the prime factors of 72175?
5, 2887
List the prime factors of 3122.
2, 7, 223
List the prime factors of 4887.
3, 181
List the prime factors of 145.
5, 29
List the prime factors of 56382.
2, 3, 9397
List the prime factors of 100503.
3, 13, 859
List the prime factors of 4772.
2, 1193
List the prime factors of 3470.
2, 5, 347
List the prime factors of 858.
2, 3, 11, 13
What are the prime factors of 8173?
11, 743
List the prime factors of 11645.
5, 17, 137
What are the prime factors of 339?
3, 113
What are the prime factors of 6764?
2, 19, 89
List the prime factors of 2172.
2, 3, 181
What are the prime factors of 9981?
3, 1109
What are the prime factors of 23821?
7, 41, 83
List the prime factors of 1411.
17, 83
What are the prime factors of 810?
2, 3, 5
List the prime factors of 1262.
2, 631
What are the prime factors of 2118?
2, 3, 353
What are the prime factors of 16740?
2, 3, 5, 31
List the prime factors of 65183.
65183
What are the prime factors of 58695?
3, 5, 7, 13, 43
List the prime factors of 7003.
47, 149
List the prime factors of 58916.
2, 11, 13, 103
List the prime factors of 27531.
3, 7, 19, 23
What are the prime factors of 103259?
13, 47
What are the prime factors of 1102?
2, 19, 29
What are the prime factors of 4029?
3, 17, 79
What are the prime factors of 1561?
7, 223
What are the prime factors of 399?
3, 7, 19
List the prime factors of 5211.
3, 193
List the prime factors of 105.
3, 5, 7
List the prime factors of 36.
2, 3
List the prime factors of 78808.
2, 9851
List the prime factors of 23747.
23747
What are the prime factors of 65152?
2, 509
What are the prime factors of 9151?
9151
List the prime factors of 811.
811
What are the prime factors of 29567?
29567
What are the prime factors of 1938?
2, 3, 17, 19
List the prime factors of 15713.
19, 827
List the prime factors of 419.
419
List the prime factors of 3690.
2, 3, 5, 41
List the prime factors of 2782.
2, 13, 107
What are the prime factors of 462?
2, 3, 7, 11
List the prime factors of 3526.
2, 41, 43
List the prime factors of 171.
3, 19
List the prime factors of 59044.
2, 29, 509
List the prime factors of 538.
2, 269
List the prime factors of 1366.
2, 683
List the prime factors of 20051.
20051
What are the prime factors of 81050?
2, 5, 1621
What are the prime factors of 23684?
2, 31, 191
List the prime factors of 2867.
47, 61
List the prime factors of 3261.
3, 1087
What are the prime factors of 1797?
3, 599
List the prime factors of 82410.
2, 3, 5, 41, 67
List the prime factors of 18334.
2, 89, 103
What are the prime factors of 67252?
2, 17, 23, 43
List the prime factors of 86737.
7, 12391
What are the prime factors of 2408?
2, 7, 43
List the prime factors of 13349.
7, 1907
List the prime factors of 36776.
2, 4597
What are the prime factors of 10214?
2, 5107
List the prime factors of 4979.
13, 383
List the prime factors of 9585.
3, 5, 71
What are the prime factors of 9923?
9923
What are the prime factors of 80035?
5, 16007
List the prime factors of 12720.
2, 3, 5, 53
What are the prime factors of 838?
2, 419
What are the prime factors of 18363?
3, 6121
List the prime factors of 1906.
2, 953
What are the prime factors of 838?
2, 419
What are the prime factors of 2708?
2, 677
What are the prime factors of 7201?
19, 379
List the prime factors of 21706.
2, 10853
List the prime factors of 1056.
2, 3, 11
What are the prime factors of 27433?
7, 3919
List the prime factors of 68917.
68917
What are the prime factors of 1846?
2, 13, 71
List the prime factors of 52252.
2, 13063
List the prime factors of 8542.
2, 4271
What are the prime factors of 47157?
3, 11, 1429
What are the prime factors of 91?
7, 13
What are the prime factors of 1717?
17, 101
What are the prime factors of 998?
2, 499
What are the prime factors of 1120?
2, 5, 7
List the prime factors of 818.
2, 409
What are the prime factors of 2763?
3, 307
What are the prime factors of 763?
7, 109
List the prime factors of 37291.
89, 419
List the prime factors of 2798.
2, 1399
What are the prime factors of 18639?
3, 19, 109
List the prime factors of 52837.
52837
List the prime factors of 84280.
2, 5, 7, 43
List the prime factors of 37859.
17, 131
List the prime factors of 4397.
4397
List the prime factors of 5188.
2, 1297
What are the prime factors of 86449?
11, 29, 271
List the prime factors of 1916.
2, 479
List the prime factors of 1268.
2, 317
List the prime factors of 15593.
31, 503
What are the prime factors of 4878?
2, 3, 271
What are the prime factors of 111460?
2, 5, 5573
List the prime factors of 1191.
3, 397
List the prime factors of 32482.
2, 109, 149
What are the prime factors of 5299?
7, 757
What are the prime factors of 22139?
13, 131
List the prime factors of 1162.
2, 7, 83
List the prime factors of 57552.
2, 3, 11, 109
List the prime factors of 1729.
7, 13, 19
List the prime factors of 97765.
5, 19553
What are the prime factors of 18491?
11, 41
What are the prime factors of 14598?
2, 3, 811
List the prime factors of 2112.
2, 3, 11
List the prime factors of 94023.
3, 31, 337
List the prime factors of 1272.
2, 3, 53
What are the prime factors of 756?
2, 3, 7
W